883.
997, 1039
What are the prime factors of 102219?
3, 13, 2621
List the prime factors of 1575461.
19, 283, 293
List the prime factors of 148355.
5, 29671
List the prime factors of 33689169.
3, 283, 4409
What are the prime factors of 2506406?
2, 7, 179029
List the prime factors of 793347.
3, 67, 3947
What are the prime factors of 38292?
2, 3, 3191
List the prime factors of 612397.
73, 8389
List the prime factors of 539904.
2, 3, 19, 37
List the prime factors of 1364996.
2, 127, 2687
List the prime factors of 13943615.
5, 7, 269, 1481
What are the prime factors of 5686234?
2, 37, 43, 1787
What are the prime factors of 328767?
3, 109589
What are the prime factors of 104058?
2, 3, 41, 47
What are the prime factors of 125518?
2, 97, 647
List the prime factors of 41628.
2, 3, 3469
List the prime factors of 385074.
2, 3, 2377
List the prime factors of 537817.
7, 76831
List the prime factors of 190180.
2, 5, 37, 257
List the prime factors of 3692045.
5, 7, 37, 2851
What are the prime factors of 178274?
2, 89137
List the prime factors of 343186.
2, 29, 61, 97
List the prime factors of 142818.
2, 3, 13, 1831
What are the prime factors of 153018?
2, 3, 8501
What are the prime factors of 1444455?
3, 5, 32099
List the prime factors of 719436.
2, 3, 167, 359
List the prime factors of 22983876.
2, 3, 167, 3823
List the prime factors of 277741.
277741
List the prime factors of 655468.
2, 11, 14897
List the prime factors of 5654154.
2, 3, 11, 85669
List the prime factors of 368031.
3, 67, 1831
List the prime factors of 14902175.
5, 19, 137, 229
List the prime factors of 1824797.
13, 17, 23, 359
List the prime factors of 1454783.
11, 1093
List the prime factors of 1053051.
3, 173, 2029
What are the prime factors of 3765216?
2, 3, 7, 13, 431
What are the prime factors of 5833501?
1487, 3923
What are the prime factors of 2010501?
3, 24821
List the prime factors of 54519.
3, 17, 1069
List the prime factors of 334388.
2, 83597
List the prime factors of 10330952.
2, 1291369
List the prime factors of 180032.
2, 29, 97
List the prime factors of 884370.
2, 3, 5, 41, 719
What are the prime factors of 2796119?
73, 38303
What are the prime factors of 67583?
19, 3557
What are the prime factors of 204423?
3, 68141
What are the prime factors of 654443?
29, 22567
What are the prime factors of 342592?
2, 53, 101
List the prime factors of 587442.
2, 3, 19, 5153
List the prime factors of 8099136.
2, 3, 43, 109
List the prime factors of 420856.
2, 31, 1697
List the prime factors of 875886.
2, 3, 11, 23, 577
List the prime factors of 4451602.
2, 89, 281
What are the prime factors of 32136150?
2, 3, 5, 31, 6911
List the prime factors of 92833.
13, 37, 193
What are the prime factors of 3193326?
2, 3, 41, 4327
List the prime factors of 157730.
2, 5, 15773
List the prime factors of 4770956.
2, 773, 1543
What are the prime factors of 2246005?
5, 449201
List the prime factors of 26284965.
3, 5, 7, 167, 1499
List the prime factors of 73742.
2, 36871
What are the prime factors of 10326?
2, 3, 1721
List the prime factors of 3023637.
3, 17, 101, 587
What are the prime factors of 50052?
2, 3, 43, 97
What are the prime factors of 2060894?
2, 11, 113, 829
List the prime factors of 154385.
5, 7, 11, 401
List the prime factors of 831180.
2, 3, 5, 7, 1979
List the prime factors of 3014054.
2, 199, 7573
List the prime factors of 2369519.
2369519
What are the prime factors of 1827601?
1039, 1759
What are the prime factors of 35937?
3, 11
List the prime factors of 45120.
2, 3, 5, 47
List the prime factors of 177559.
353, 503
List the prime factors of 443792.
2, 27737
List the prime factors of 417227.
417227
List the prime factors of 176747.
176747
List the prime factors of 509625.
3, 5, 151
List the prime factors of 184802.
2, 92401
List the prime factors of 18555766.
2, 29, 319927
What are the prime factors of 434207?
19, 22853
List the prime factors of 4393738.
2, 2196869
List the prime factors of 2336723.
389, 6007
List the prime factors of 2382990.
2, 3, 5, 79433
What are the prime factors of 888986?
2, 7, 63499
What are the prime factors of 1271394?
2, 3, 23, 37, 83
List the prime factors of 250633.
41, 6113
What are the prime factors of 1105926?
2, 3, 184321
List the prime factors of 8949486.
2, 3, 7, 13, 37, 443
List the prime factors of 25889.
25889
List the prime factors of 2322132.
2, 3, 17, 11383
What are the prime factors of 5829336?
2, 3, 80963
List the prime factors of 529322.
2, 23, 37, 311
List the prime factors of 17372796.
2, 3, 7, 206819
List the prime factors of 98963.
98963
List the prime factors of 1916990.
2, 5, 191699
List the prime factors of 3118710.
2, 3, 5, 7, 14851
List the prime factors of 13878010.
2, 5, 1387801
What are the prime factors of 863430?
2, 3, 5, 17, 1693
What are the prime factors of 15789972?
2, 3, 11, 37, 53, 61
List the prime factors of 9886599.
3, 1098511
What are the prime factors of 277968?
2, 3, 5791
What are the prime factors of 75594?
2, 3, 43, 293
What are the prime factors of 5901313?
11, 293, 1831
What are the prime factors of 181524?
2, 3, 7, 2161
List the prime factors of 583410.
2, 3, 5, 19447
What are the prime factors of 155452?
2, 11, 3533
List the prime factors of 649788.
2, 3, 173, 313
What are the prime factors of 1399661?
17, 281, 293
List the prime factors of 1879621.
1879621
What are the prime factors of 221560?
2, 5, 29, 191
What are the prime factors of 3192072?
2, 3, 13, 787
List the prime factors of 16552213.
16552213
List the prime factors of 1244098.
2, 622049
What are the prime factors of 14587?
29, 503
What are the prime factors of 668323?
71, 9413
List the prime factors of 10116130.
2, 5, 97, 10429
What are the prime factors of 22380644?
2, 11, 13, 3557
What are the prime factors of 408155?
5, 11, 41, 181
What are the prime factors of 328270?
2, 5, 17, 1931
List the prime factors of 12440218.
2, 7, 61, 2081
List the prime factors of 977842.
2, 488921
List the prime factors of 1500310.
2, 5, 7, 21433
List the prime factors of 722134.
2, 7, 51581
What are the prime factors of 1500219?
3, 7, 23813
What are the prime factors of 3140601?
3, 1046867
List the prime factors of 2829590.
2, 5, 282959
List the prime factors of 141287.
17, 8311
List the prime factors of 3717621.
3, 413069
What are the prime factors of 651129?
3, 127, 1709
List the prime factors of 73677.
3, 41, 599
What are the prime factors of 326524?
2, 11, 41, 181
List the prime factors of 195225.
3, 5, 19, 137
List the prime factors of 1997168.
2, 124823
What are the prime factors of 7111519?
7111519
What are the prime factors of 8630014?
2, 23, 43, 4363
What are the prime factors of 8225172?
2, 3, 76159
List the prime factors of 260388.
2, 3, 2411
What are the prime factors of 3108?
2, 3, 7, 37
List the prime factors of 3546510.
2, 3, 5, 11, 977
List the prime factors of 636440.
2, 5, 7, 2273
What are the prime factors of 3817567?
13, 293659
What are the prime factors of 210805?
5, 7, 19, 317
List the prime factors of 1039319.
19, 2879
What are the prime factors of 63394?
2, 29, 1093
What are the prime factors of 4326688?
2, 135209
What are the prime factors of 174760?
2, 5, 17, 257
What are the prime factors of 415954?
2, 7, 11, 37, 73
What are the prime factors of 133766?
2, 66883
What are the prime factors of 591939?
3, 89, 739
What are the prime factors of 167486?
2, 11, 23, 331
List the prime factors of 15870090.
2, 3, 5, 529003
List the prime factors of 30659180.
2, 5, 367, 4177
What are the prime factors of 1121210?
2, 5, 112121
What are the prime factors of 196329?
3, 7, 9349
What are the prime factors of 1229132?
2, 307283
What are the prime factors of 160434?
2, 3, 2971
List the prime factors of 3685263.
3, 433, 2837
List the prime factors of 58382.
2, 29191
List the prime factors of 611411.
611411
What are the prime factors of 3849677?
13, 296129
What are the prime factors of 10415327?
13, 801179
List the prime factors of 29088430.
2, 5, 7, 19, 21871
What are the prime factors of 271392?
2, 3, 11, 257
List the prime factors of 9567557.
9567557
List the prime factors of 59167.
59167
What are the prime factors of 11856115?
5, 2371223
What are the prime factors of 1891198?
2, 23, 41113
What are the prime factors of 3705854?
2, 1277, 1451
List the pr